 prime?
True
Is 181047233 a prime number?
False
Is 17107914007 composite?
True
Is 9806545037 a prime number?
True
Is 1426837793 composite?
False
Is 14586854361 a composite number?
True
Is 91101761 composite?
False
Is 143687069 composite?
True
Is 2077915811 prime?
True
Is 75766296611 composite?
False
Is 9483016013 composite?
False
Is 209579437667 a composite number?
True
Is 12312744047 composite?
False
Is 1819635931 a composite number?
True
Is 9075649171 a prime number?
True
Is 13905460511 prime?
False
Is 764324887 composite?
True
Is 262643093 prime?
True
Is 180584249 composite?
False
Is 6741317617 a prime number?
False
Is 187489451 composite?
False
Is 68072921 composite?
True
Is 1412217403 composite?
False
Is 211036919 a composite number?
False
Is 44177443 a prime number?
False
Is 1128063919 prime?
False
Is 5003037911 a prime number?
True
Is 2026896499 prime?
True
Is 1774999237 a prime number?
False
Is 2005318193 a composite number?
True
Is 1845360563 a composite number?
False
Is 564443053 a composite number?
False
Is 5278173127 composite?
True
Is 2085802139 a prime number?
False
Is 9835151827 a composite number?
False
Is 124576021 prime?
True
Is 220356371 a prime number?
True
Is 4662423209 a composite number?
False
Is 15418267651 composite?
False
Is 61536869321 composite?
False
Is 495672623 a prime number?
False
Is 19383198119 a composite number?
False
Is 7833095737 a prime number?
True
Is 13311704873 a composite number?
True
Is 655933759 a prime number?
False
Is 6895563377 prime?
False
Is 3754722971 composite?
False
Is 11128369721 prime?
False
Is 36526424149 composite?
False
Is 1543460407 prime?
True
Is 59444237659 a composite number?
False
Is 1658886623 a composite number?
True
Is 363558509459 prime?
True
Is 96326995 composite?
True
Is 215426039 prime?
False
Is 5094776081 composite?
False
Is 424195397 composite?
True
Is 40861946 a composite number?
True
Is 35680014743 composite?
False
Is 2121952061 composite?
True
Is 1333833049 a composite number?
False
Is 2543651249 prime?
True
Is 55727935847 a prime number?
False
Is 662610017 composite?
False
Is 32101823867 a prime number?
False
Is 1271427565 a composite number?
True
Is 227744623 a composite number?
False
Is 372939511 a composite number?
True
Is 3143307521 composite?
False
Is 811958831 composite?
False
Is 57903280079 prime?
False
Is 2572586399 composite?
True
Is 78689681 prime?
False
Is 32639088409 composite?
True
Is 38268281 prime?
True
Is 1657301647 prime?
False
Is 23862108041 a composite number?
False
Is 8867400065 prime?
False
Is 3827284793 composite?
True
Is 738894437 prime?
False
Is 20701547 a prime number?
False
Is 216545687 a composite number?
True
Is 671368561 a composite number?
True
Is 5992297147 a composite number?
True
Is 566597987 composite?
False
Is 2181956243 composite?
False
Is 215485354937 prime?
False
Is 1551950579 prime?
True
Is 18743078231 a composite number?
False
Is 1929525547 composite?
False
Is 182465429 a prime number?
True
Is 1055901047 composite?
True
Is 1851951607 a prime number?
False
Is 159851429 composite?
False
Is 38295446557 composite?
False
Is 1388021909 a composite number?
True
Is 1622205289 a prime number?
True
Is 35982031 a composite number?
False
Is 230781893 composite?
False
Is 106400324717 prime?
True
Is 1774343983 a composite number?
True
Is 149314637 a prime number?
False
Is 250913712299 a composite number?
False
Is 3435101233 composite?
True
Is 173097357991 composite?
False
Is 23658290647 a composite number?
False
Is 6991882387 a prime number?
False
Is 45056806867 a prime number?
False
Is 346219277 composite?
False
Is 16578916973 a prime number?
False
Is 3325799699 a prime number?
False
Is 32675344327 a composite number?
False
Is 505076573 a prime number?
False
Is 1071303481 prime?
True
Is 7386929281 a composite number?
False
Is 31883056781 composite?
False
Is 8998704733 a prime number?
True
Is 1474066241 prime?
True
Is 23873444171 a composite number?
True
Is 2978969459 prime?
False
Is 2435982743 composite?
False
Is 37646357401 prime?
False
Is 60364194373 a composite number?
True
Is 4428368183 a composite number?
True
Is 46873966801 composite?
True
Is 494420887 composite?
False
Is 2264713067 a composite number?
True
Is 37191491 a composite number?
True
Is 228387400361 a prime number?
False
Is 10498488827 composite?
True
Is 1108765243 a prime number?
False
Is 1093229339 prime?
True
Is 6702599 composite?
False
Is 877776343 composite?
False
Is 3217681811 composite?
False
Is 1087073929 a composite number?
False
Is 5024664077 a prime number?
True
Is 1285507397 prime?
True
Is 5631257 prime?
True
Is 2224331413 prime?
True
Is 1143598611 a composite number?
True
Is 1576959173 prime?
True
Is 24769395409 composite?
True
Is 20686768829 prime?
False
Is 691305767 composite?
False
Is 312304169 composite?
True
Is 1020272261 a prime number?
True
Is 6313840627 a prime number?
False
Is 93079535 prime?
False
Is 95166847549 composite?
False
Is 5709506791 a prime number?
True
Is 29508070045 prime?
False
Is 11199959063 a prime number?
True
Is 776516953 a composite number?
True
Is 694836101 a prime number?
True
Is 282960144479 a composite number?
False
Is 18617747 prime?
True
Is 25823490001 a composite number?
True
Is 154568669251 composite?
False
Is 4880833591 a composite number?
False
Is 2846040731 prime?
False
Is 2826486901 a composite number?
True
Is 2130603049 a prime number?
False
Is 3792205451 prime?
True
Is 20146584779 a prime number?
True
Is 89294192539 a composite number?
True
Is 722236601 prime?
True
Is 91485799891 composite?
False
Is 560518963 a prime number?
True
Is 291589693 prime?
False
Is 632353303 a composite number?
True
Is 1936825177 composite?
True
Is 1223751203 a prime number?
False
Is 515149183 a composite number?
False
Is 103614646 composite?
True
Is 83192181109 prime?
True
Is 180833802519 composite?
True
Is 60574757 composite?
True
Is 5847014489 prime?
False
Is 13763276323 a composite number?
True
Is 11116828447 a composite number?
False
Is 302374339 prime?
True
Is 11184527 a prime number?
True
Is 662453747 prime?
False
Is 1732988591 prime?
False
Is 259085582527 prime?
False
Is 102892831 a prime number?
False
Is 500885249 a prime number?
False
Is 9292089581 a prime number?
True
Is 165378352397 a prime number?
False
Is 126265213 a prime number?
True
Is 16510499363 a prime number?
True
Is 3421298819 prime?
True
Is 2581142543 a prime number?
False
Is 48025307903 a prime number?
True
Is 6727838323 composite?
True
Is 512558969 composite?
True
Is 1951154323 a composite number?
False
Is 179515747 composite?
False
Is 927790891 a prime number?
True
Is 2534360021 a prime number?
True
Is 2640483347 a composite number?
False
Is 10186798979 a prime number?
False
Is 4411900903 composite?
False
Is 4200353639 prime?
True
Is 173209617767 prime?
True
Is 1313068807 a prime number?
True
Is 4292775341 a composite number?
False
Is 1499017661 composite?
True
Is 139231415 prime?
False
Is 7808615263 prime?
False
Is 3251063797 composite?
False
Is 1154723519 a prime number?
False
Is 7012075393 a composite number?
False
Is 579493247 prime?
True
Is 2150733337 a composite number?
True
Is 20872845493 composite?
False
Is 2396424379 composite?
False
Is 8750116651 composite?
False
Is 9038416687 prime?
True
Is 111440640409 composite?
True
Is 8126434903 composite?
False
Is 70646281 prime?
True
Is 76612326223 prime?
True
Is 2739726833 a prime number?
True
Is 4980611833 a prime number?
False
Is 1752914843 composite?
False
Is 3280070191 composite?
True
Is 5296924987 a prime number?
True
Is 72358852799 composite?
True
Is 444719159 a composite number?
False
Is 33623411717 a prime number?
False
Is 855226633 a prime number?
False
Is 1399128967 a prime number?
True
Is 7612630733 a composite number?
False
Is 12423858431 composite?
False
Is 3645727397 a prime number?
False
Is 18276172333 prime?
False
Is 223922054 prime?
False
Is 19481430002 composite?
True
Is 34755587 composite?
False
Is 366877583 prime?
True
Is 188684276719 prime?
False
Is 928934 prime?
False
Is 33175472779 a prime number?
True
Is 9239535223 a composite number?
False
Is 438528241 composite?
False
Is 3710621149 composite?
True
Is 85508237783 a prime number?
True
Is 4423879847 prime?
True
Is 428798899 composite?
False
I